7, 163
Let c(h) = -293*h**3 + 4*h**2 - 63*h - 269. What are the prime factors of c(-6)?
63541
Let j(p) = 10*p - 52. Let l be j(5). List the prime factors of -2 + 3978/15 - l/(-10).
263
Suppose -2*n = 3*b - 14, b + 6 = 4*n + 34. Suppose 0 = 5*t - 3*f + b*f - 3390, -t + 676 = -f. What are the prime factors of t?
677
What are the prime factors of 2776510/550 + 2/(-10)?
2, 631
Let f = 81519 - 12727. What are the prime factors of f?
2, 8599
Let p(o) = o**3 + 71*o**2 + 126*o + 747. List the prime factors of p(-66).
3, 1579
Suppose -5*u + w + 0*w + 49 = 0, 4*w = -3*u + 34. Let c(m) = -m**3 + 10*m**2 - 4*m + 10. Let h be c(u). List the prime factors of (-2)/5 - (2772/h + -1).
3, 31
Suppose -3*j + 13 = h, -h + 3*j + j - 1 = 0. Let s(l) = l + 0*l + 23*l - 15 - h*l. List the prime factors of s(2).
19
Suppose 0 = -3*s - 2*o - 15, 2*s + 14 = -2*o + 2. Suppose 2*p + 0*l + 5 = -3*l, -4*p - 15 = l. List the prime factors of (s - -1 - p) + 25.
3
Let f be (-8250)/10*1/(-1). Suppose 0 = -g - 3, -u - 3*g = u - f. What are the prime factors of u?
3, 139
Let k(o) = o**2 - 8*o. Let y be k(-1). Let m(d) = d**3 - 2*d**2 + 11*d - 1. List the prime factors of m(y).
5, 7, 19
Suppose -2*o - 5*t = 261 - 717, 0 = -4*t. Suppose -4*v + o = -8*v. Let u = v + 141. What are the prime factors of u?
2, 3, 7
Suppose 50*x - 31109 = 34291. List the prime factors of x.
2, 3, 109
What are the prime factors of (-485180)/(-60) - 5/(-3)?
2, 3, 337
Suppose 11*n + 12064 = -128412 + 569069. What are the prime factors of n?
47, 829
Let h(l) be the first derivative of l**3/3 - 9*l**2 + 134*l - 140. What are the prime factors of h(26)?
2, 3, 19
Let a(m) be the second derivative of -55*m**3/3 - 67*m**2/2 - 2*m + 26. List the prime factors of a(-6).
593
What are the prime factors of (-2)/(-12) + ((-926551)/(-102) - -5)?
61, 149
Suppose -4*w - 4*q - 1188 = 0, 4*w - 3*q + 1196 = -5*q. Let f = 684 + w. What are the prime factors of f?
383
Let h be 3/(-5)*-5 + -3. Suppose h = 7*v + 9 + 33. List the prime factors of (-339)/v*5/(-15)*-6.
113
Let t(o) = 46*o**2 + 249*o + 18. List the prime factors of t(10).
2, 1777
Let o be -4 - -5 - (1 - 4). Suppose -10*v + o*v = -834. Let r = v + 10. List the prime factors of r.
149
Let l(s) = 4*s - 23. Suppose 0 = 8*m - 4*m - 40. List the prime factors of l(m).
17
Let b = -77 - -28. Let h = b + 56. Suppose -h*r - r = -696. List the prime factors of r.
3, 29
Let y(u) = 104*u**2 + 2*u + 4. Let n be 9 + -10 - 3/(-1). What are the prime factors of y(n)?
2, 53
Let n(y) = -y**3 - 25*y**2 - 24*y + 80. Let r be n(-26). Let u = r - 313. List the prime factors of u.
11, 97
Let s(v) = -7*v + 7. Suppose -10*f = -3 + 93. List the prime factors of s(f).
2, 5, 7
Let z = -166 - -139. List the prime factors of 9/z + 649/3.
2, 3
Suppose 5*b - 4893 + 1173 = 0. Suppose 2*t + 43*r = 40*r + b, -3*t + r + 1105 = 0. What are the prime factors of t?
3, 41
List the prime factors of ((-1936)/(-363))/(6/12609).
2, 3, 467
Let j(l) = 188*l - 32. Let h be j(-4). Let f be 1/(2 - 15/6). List the prime factors of (h/(8 + 0))/(f/3).
3, 7
Let t(b) be the second derivative of -b**4/12 + 4*b**3/3 + 11*b**2/2 + 13*b. Let c be t(5). Suppose 0 = 2*n + 6 - c. List the prime factors of n.
2, 5
Suppose -171*r + 212*r = 213036. What are the prime factors of r?
2, 3, 433
List the prime factors of (-23)/((-1196)/23907)*(-520)/(-6).
5, 13, 613
Suppose -219*g + 15342 = -216*g. What are the prime factors of g?
2, 2557
Suppose -5686 + 898 = -14*o. Let a = 491 - o. What are the prime factors of a?
149
What are the prime factors of (-20)/450*-15*(-176310)/(-4)?
3, 5, 653
Let n(p) = -5*p**3 - 2*p**2 + 3*p - 8. Let g be n(-4). Suppose g = -5*b + 1808. List the prime factors of b.
2, 7, 11
Suppose 0 = -y - 2*i + 13 - 64, -4*i - 159 = 3*y. Let a = 3 - y. What are the prime factors of a?
2, 3, 5
Suppose -206 = -4*s + 290. Suppose 5*y = 7*p - 9*p + 74, 3*p = -y + s. List the prime factors of p.
2, 3, 7
Let y = 34 - 1026. Let r = -192 - y. Suppose -14*w - r = -19*w. What are the prime factors of w?
2, 5
Let s(q) = 162*q - 19. Let g be s(7). Suppose -g = -9*t + 1369. Suppose 6*h - 246 = t. List the prime factors of h.
3, 29
Let c be (-1)/(-2) - 3/(-8 - -2). Let g(x) = x - 1. Let k be g(c). Suppose k = 5*w - 998 + 178. What are the prime factors of w?
2, 41
Let h(q) = -q**2 + 6*q + 38. Let g be h(9). Suppose f = 7*r - g*r + 677, -2*f = -2. List the prime factors of r.
13
List the prime factors of (-15)/(10 + -5) + 9996.
3, 3331
Let i(q) = 2*q**3 - 11*q**2 + 7*q + 2. Let g be i(4). Let b = -142 - g. Let r = 69 - b. List the prime factors of r.
193
Let t(u) = -u**2 - 4*u - 1. Let p be t(-2). Suppose -3*q - 3170 = -7*q + 3*v, p*q - 5*v - 2383 = 0. List the prime factors of q.
7, 113
Let y be -27*(2/3 - 1). Let r(h) = 7*h**2 - 14*h + 10. Let m be r(-8). Suppose y*p - m = -p. List the prime factors of p.
3, 19
Let c(s) = 11*s**2 + s - 4. Let m be c(2). Let r = m + -40. Suppose 6*l - 608 = -r*l. List the prime factors of l.
2, 19
Let q = -1517 + 2387. What are the prime factors of q?
2, 3, 5, 29
Let b(c) = -110*c + 1 + 2 - 10. List the prime factors of b(-2).
3, 71
Let r(u) be the third derivative of u**7/120 - u**6/360 - 4*u**5/15 - 33*u**2. Let f(n) be the third derivative of r(n). What are the prime factors of f(3)?
2, 31
Let s(z) = 2*z - 24. Let g be s(13). Let o(c) = 11*c**2 + 2*c**2 + 10*c**2 - g. What are the prime factors of o(2)?
2, 3, 5
Suppose 39*m + 948 = -3*m + 359670. What are the prime factors of m?
3, 13, 73
Suppose -12*u + 43300 = -24*u + 17*u. List the prime factors of u.
2, 5, 433
Let k = 6199 - 3450. Let o = k + -1797. List the prime factors of o.
2, 7, 17
List the prime factors of (1775/35 - 3)/(84/24402).
83, 167
Let y(p) = -205*p + 1283. List the prime factors of y(-35).
2, 4229
Let l be (-51)/(-15) - (-2 + 7/5). Suppose l*d = 304 + 456. List the prime factors of d.
2, 5, 19
List the prime factors of (1173/(-68))/(9/(-16284)).
23, 59
Let h = 175 + -175. Suppose -7*d + 3*d + 242 = 2*s, h = -2*s + 2*d + 266. What are the prime factors of s?
3, 43
Let h = 21 + -23. What are the prime factors of h*1143/12*-2?
3, 127
Suppose 0 = -2*k - 2*k - 4*g + 516, -k - 5*g = -149. Let a = -56 + k. What are the prime factors of (a/6)/((-6)/(-54))?
2, 3, 17
Let d(t) = 59 - 27*t - 15 - 10 + 3*t**2. What are the prime factors of d(12)?
2, 71
Let d be (-1 - 437)*(-640)/(-192). Let v = -626 - d. List the prime factors of v.
2, 3, 139
Suppose i = -w + 13 - 6, -3*w = -4*i. Let o be -4*(w/(-10) + 54/60). What are the prime factors of (o - 1) + (91 - 6)?
2, 41
Let v = 734 + -732. List the prime factors of v/(-2) - -1*(386 + -5).
2, 5, 19
Suppose -g - 2*t + 2725 + 5853 = 0, 5*g - 2*t = 42890. List the prime factors of g.
2, 4289
Suppose -1356396 = -35*a - 18*a - 49*a. What are the prime factors of a?
2, 61, 109
Let b be 4/20 - 438/15. Let z = -31 - b. List the prime factors of -5 + 59 + (0 - z).
2, 7
Suppose 2*s - 2 = 0, 0 = -5*a + 7*a + s + 2503. Let x = a - -1770. What are the prime factors of x?
2, 7, 37
Suppose -7*t + 9 = -26. Suppose t*b = -21 - 49. List the prime factors of 2/b + (-568)/(-7) + 1.
2, 41
Suppose -4*j - 38754 = -2*k, 23*k = 27*k + 5*j - 77443. What are the prime factors of k?
107, 181
Let r be 10/6*(3 + (-2 - -2)). Suppose 104 = -q - r*p, q + 2*p + 416 = -3*q. Let y = q - -143. List the prime factors of y.
3, 13
Suppose 5*u - 2 = 3. Let l be (62/3)/((-6)/9). List the prime factors of l*(u - 2 - 3).
2, 31
Let b = -92287 - -173853. List the prime factors of b.
2, 17, 2399
Let b(v) = 8*v**2 - 7*v - 8. Suppose u + 18 = -5*u. Let q be b(u). Suppose -2*m + 223 - q = 0. List the prime factors of m.
3, 23
Suppose -1668 = -2*y + 2*l - l, 3*y - 2528 = -5*l. Suppose 5*p = 3*p + 4*t + 836, t + y = 2*p. List the prime factors of p.
2, 11, 19
Let o be (2/(-5))/((-10)/25 + 0). List the prime factors of (-12 - -6)*(o - (-46)/(-12)).
17
Let b = 569 - 388. Suppose -b*o + 179*o + 138 = 0. List the prime factors of o.
3, 23
Let w be -2 - (-4 + 6)*-1. Suppose -7*v = -6*v + 2*k - 158, -3*v - 2*k + 470 = w. What are the prime factors of v?
2, 3, 13
List the prime factors of 205268/10 - (-27)/135.
13, 1579
Let g = 73 + 356. Let j = -194 + g. What are the prime factors of j?
5, 47
Let u be -212 + 1 + -2 + 0. Let m = 267 + u. List the prim